 hundreds digit of x?
8
Let d be (5/(-4))/((-9)/324). Let c be (72/d)/((-2)/(-15)). Let p = c + 12. What is the units digit of p?
4
Suppose -2 = 2*c - 6. Suppose 250 + 182 = -c*z. What is the hundreds digit of ((-158)/6 - -1)*z/48?
1
Let y = 50797 - 27320. What is the units digit of y?
7
Let y = 455 - 442. Suppose 3264 = y*o - 1390. What is the tens digit of o?
5
What is the thousands digit of (-24)/((-12)/2) - (-4 - (18813 - -2))?
8
Let k = -1443 - -2079. Let r = k - 204. What is the tens digit of r?
3
Let m = -413 + 396. Let n(o) = 2*o**2 + 4*o - 48. What is the hundreds digit of n(m)?
4
Suppose 37*c - 80 = -6. Let s be (-308)/(-8) + 3/(-2). Suppose -11 = c*v - s. What is the tens digit of v?
1
Let h = -37866 - -44943. What is the hundreds digit of h?
0
Suppose 165*t - 164*t = 3*w + 18408, 0 = 2*t + 4*w - 36846. What is the thousands digit of t?
8
What is the tens digit of (-1164556)/327*6/(-4)?
4
Let h(a) = 3130*a**2 - 192*a - 1. What is the units digit of h(-2)?
3
Let n = 15862 + -10260. What is the units digit of n?
2
Let o(n) = 3*n**3 - 17*n**2 + 47*n. Let r(t) = t**2 + 19*t + 92. Let u be r(-7). What is the units digit of o(u)?
4
Suppose 3*y - 51934 = g, -4*y + 2055*g - 2054*g = -69246. What is the hundreds digit of y?
3
Suppose 117 = -6*d + 549. Suppose -77*m + 45 = -d*m. What is the units digit of m?
9
Let s(i) = 59923*i**2 - 26*i - 13. What is the tens digit of s(-1)?
3
Let i(y) = 6*y**3 + 9*y**2 - 4*y - 9. Let v be i(4). Suppose 0 = 5*r - v - 1077. What is the units digit of r?
6
Let d(f) = 7*f**2 + 5*f + 38. Let t(b) = 1. Let q(o) = d(o) - 5*t(o). What is the hundreds digit of q(-6)?
2
Let v(k) = k**2 + 23*k + 99. What is the units digit of v(-28)?
9
Let g be ((-6)/(-2))/((-21)/14). Let x be g/7 - (-1368)/(-63). Let d = 17 - x. What is the tens digit of d?
3
Let c = 92 + -24. Let a = -32 + c. Suppose a*f = 33*f + 243. What is the tens digit of f?
8
Let f(k) = 18*k**2 + 9*k + 12. Let v be f(10). Suppose 7*j = v + 534. What is the tens digit of j?
4
Suppose 0 = 12*d + 475 + 389. Let c = d + 34. Let b = 67 - c. What is the hundreds digit of b?
1
Suppose -39*c + 249246 + 76677 = 0. What is the units digit of c?
7
Suppose -9*d = -35*d. Suppose 17*b + 814 = 19*b - 3*n, 4*n = d. What is the units digit of b?
7
Let z = 52235 - 40555. What is the tens digit of z?
8
Suppose 4*f + 16 = 12*f. Suppose -4*y - 4*v = -v - 1651, -f*v + 409 = y. What is the tens digit of y?
1
Suppose 121*u = 513530 - 47196. What is the hundreds digit of u?
8
Let v = 0 + 2. Suppose -j + 6*j = -2*o + 2603, 4*j + v*o = 2082. What is the units digit of j?
1
What is the hundreds digit of (9*162460/(-270))/(2/(-3))?
1
Suppose 141*t - 15482 = -3*v + 145*t, 0 = -5*t - 25. What is the units digit of v?
4
Suppose 3*x - 157 = -5*d + d, -2*x = 3*d - 117. Suppose -62 - d = -9*o. What is the units digit of o?
1
Let c(x) = x**3 + 8*x**2 - 6*x - 14. Let g be c(-9). Let y = -38 - g. Suppose 2*z + 0*v - 342 = 2*v, y*z - 5*v = 519. What is the tens digit of z?
6
Suppose 0*i + 100 = -5*i - 5*w, 2*i = -3*w - 45. Let q be 5/i + (33/(-9) - 3). Let d(v) = v**3 + 11*v**2 + 6*v + 10. What is the units digit of d(q)?
4
Let l = 1 - -3. Suppose 7*d = -2*j + 3*d + 1092, -5*j + d + 2730 = 0. Suppose 0 = l*s - s - j. What is the tens digit of s?
8
Let p(u) = 4*u**3 + 15*u**2 - 25*u + 62. What is the hundreds digit of p(9)?
9
What is the thousands digit of (-22)/176*16*(-2399 - 0)?
4
Let m be 14/(-21)*1350/(-5). Suppose m = -2*z + 5*h + 1390, -5*h - 615 = -z. What is the hundreds digit of z?
5
Let z = 27492 - 19201. What is the thousands digit of z?
8
Suppose 0 = 17*f - 23917 + 4809. What is the hundreds digit of f?
1
What is the hundreds digit of (7320931/34)/37 - (-1)/(-2)?
8
Let z(m) be the second derivative of 155*m**4/12 + 3*m**3/2 + 4*m**2 + 43*m. What is the hundreds digit of z(-1)?
1
Let l = -9734 - -16392. What is the hundreds digit of l?
6
Suppose 2*m = -4*b - 105 - 45, 5*b + 186 = -4*m. Let k = b - -8. Let y = k + 119. What is the units digit of y?
9
Let c be (12370/(-16) - 3) + (-7)/(-56). Let l = c - -1632. What is the tens digit of l?
5
Let r(h) = h**3 + 15*h**2 - 19*h - 35. Let m be r(-16). Suppose -13*p = -0 + m. What is the units digit of p/((-2)/(-2)) + (257 - -1)?
7
Suppose 329 = n + 3*r, -4*n + 2*n = 2*r - 646. Suppose -6*b = -b - 5, -3*c - 2*b = -n. What is the tens digit of c?
0
Suppose 325 + 343 = 5*x - 3*o, -2*x = 3*o - 284. What is the tens digit of 60078/x + (-1)/(-4)?
4
Let c(g) = 17*g - 26. Let i(u) = -50*u + 80. Let m(q) = 8*c(q) + 3*i(q). What is the units digit of m(-12)?
0
Suppose 0 = 6*a + 8926 + 14726. Let m = -2485 - a. What is the tens digit of m?
5
Let t be -5 + 4 + -4 + 1. Let c(q) = -10*q**3 - 2*q**2 + 12*q - 4. What is the units digit of c(t)?
6
What is the tens digit of 1 + 17/((-85)/(-6105))?
2
What is the tens digit of (16/24)/(34/261273)?
2
Suppose -20*s + 111814 = -17906. What is the units digit of s?
6
Let t = -70 + 118. Suppose 17 + 11 = c. Suppose 235 = 3*k - 4*s, 0 = k + s - t - c. What is the tens digit of k?
7
Suppose 0 = -4*s - m + 18, 0 = -2*s - 4*m + 14 + 2. Suppose 172 - 1808 = -s*h. What is the hundreds digit of h?
4
Suppose -16*v - 3256 = -18*v. Suppose 11*b + 517 = v. What is the tens digit of b?
0
Let d(n) = 43*n**3 - 17*n**2 - 10*n - 40. What is the tens digit of d(6)?
7
What is the thousands digit of 0 + (-1 - -24767 - (-5)/(-20)*-20)?
4
Let s = 32077 + -7790. What is the ten thousands digit of s?
2
Suppose 7*f - 10314 = 2886 + 4433. What is the hundreds digit of f?
5
Let d(l) = -1009*l - 467. What is the units digit of d(-2)?
1
Let b = 371 + -362. Suppose -b*f + 260 = -559. What is the tens digit of f?
9
Let c(w) = 20*w - 50. Let f(y) = 83*y - 201. Let n(l) = -18*c(l) + 4*f(l). What is the units digit of n(-6)?
4
Let r(i) = 37*i**2 + 7*i - 8. Let w(t) = 186*t**2 + 37*t - 39. Let j(y) = 11*r(y) - 2*w(y). What is the hundreds digit of j(-5)?
8
Let j = -119 + 131. Let n(g) = -g**3 + 15*g**2 - 10*g + 15. What is the tens digit of n(j)?
2
Suppose 5*x - 66 - 9 = 0. Suppose a + 3846 = 4*h, x*h - 20*h + a = -4807. What is the tens digit of h?
6
Let f = 15236 - 12105. What is the tens digit of f?
3
Let w(n) = -13*n + 834. Let x(y) = 14*y - 835. Let j(r) = 5*w(r) + 4*x(r). Let g be j(0). Suppose 0 = -235*q + 230*q + g. What is the tens digit of q?
6
Let j = 42436 - 17819. What is the units digit of j?
7
Let n be -4*99/6*(-1)/1. Suppose 4*k + n = 2*k. Let m = -20 - k. What is the units digit of m?
3
Suppose 5*h + 323441 = 3*g + 91810, -5*g = -2*h - 386077. What is the tens digit of g?
1
Let z be 2/10 - 2*3544/(-10). Let q = 433 + z. What is the tens digit of q?
4
Let x(o) be the second derivative of o**4/3 + 37*o**3/6 + 53*o**2 + 199*o + 1. What is the thousands digit of x(-25)?
1
Suppose 22*j + 3*q - 61953 = 19*j, -q - 3 = 0. What is the hundreds digit of j?
6
Suppose 5*p + 4*p = 585. Suppose -p = -7*m + 2*m - 2*s, 5*m + s - 70 = 0. Suppose m = 25*f - 20*f. What is the units digit of f?
3
Let w = -268 - -257. Let j(c) = -8*c + 53. What is the tens digit of j(w)?
4
Let l(s) = 5*s - 4*s - 36 - 3*s - 3*s. Let c be l(-8). Suppose 4*b - 600 = -x, -77 = c*b - 4*x - 657. What is the units digit of b?
9
Suppose -4*c = -c - 570. Suppose -8*n + 13*n = c. Let m = n - -77. What is the tens digit of m?
1
Let m = 25099 + -13465. What is the units digit of m?
4
Suppose -69*o + 327499 = -60*o + v, -3*o - 3*v + 109161 = 0. What is the thousands digit of o?
6
Suppose 11*f - 65058 = -3*n + 14*f, 0 = -4*n - f + 86714. What is the ten thousands digit of n?
2
Let o(p) = -p**3 + 62*p**2 + 268*p + 65. Let c be o(66). Suppose 3*y - y + 4*z - 438 = 0, -3*z - 1108 = -5*y. Let h = c - y. What is the tens digit of h?
0
Suppose 5*t - 5*j - 34785 = 0, 12*t - 5*j = 17*t - 34825. What is the hundreds digit of t?
9
Let u(n) be the second derivative of n**4/6 + n**3/6 + n**2/2 - 28*n. Let v = 19 - 25. What is the tens digit of u(v)?
6
Suppose 0 = -48*d + 11*d. Suppose 2*y = 5*y + 12, 3*i - 5*y - 3914 = d. What is the units digit of i?
8
Let r = 6987 - 3051. What is the hundreds digit of r?
9
Let p(d) = 9924*d - 2041. What is the tens digit of p(4)?
5
Suppose 62*a = 63*a - 30. Suppose 0 = 2*h - 5*h - a. What is the units digit of ((-136)/h)/(4/10)?
4
Suppose -2*h + 62 = 2*a, -7